{"id":48,"date":"2020-04-29T13:00:28","date_gmt":"2020-04-29T10:00:28","guid":{"rendered":"https:\/\/www.valmiussuunnittelu.fi\/?page_id=48"},"modified":"2020-04-29T13:00:28","modified_gmt":"2020-04-29T10:00:28","slug":"ota-yhteytta","status":"publish","type":"page","link":"https:\/\/www.valmiussuunnittelu.fi\/?page_id=48","title":{"rendered":"Ota yhteytt\u00e4"},"content":{"rendered":"\n<p>Palvelu hinnoitellaan ensisijaisesti k\u00e4ytetyn ty\u00f6ajan mukaan. <\/p>\n\n\n\n<p>Koulutuksissa ja asiakkaan luona tapahtuvassa konsultoinnissa perusyksikk\u00f6n\u00e4 on konsultointip\u00e4iv\u00e4, joka sis\u00e4lt\u00e4\u00e4 p\u00e4iv\u00e4n valmistelun. Suunnittelutoiminta ja yksitt\u00e4iset toimeksiannot tehd\u00e4\u00e4n p\u00e4\u00e4osin tuntiveloituksella toteutuneen ty\u00f6m\u00e4\u00e4r\u00e4n perusteella.  Suunnittelusta voi pyyt\u00e4\u00e4 my\u00f6s kokonaistarjousta, jolloin tarjouksen sis\u00e4lt\u00f6 tuotetaan kiinte\u00e4ll\u00e4 hinnalla. <\/p>\n\n\n\n<p>Konsultointi- ja koulutuspalvelun p\u00e4iv\u00e4hinta on 950 \u20ac + alv.<\/p>\n\n\n\n<p>Suunnittelun ja konsultoinnin tuntiveloitus on 85 \u20ac +alv.<\/p>\n\n\n\n<p> <\/p>\n\n\n\n<p>Kysy lis\u00e4\u00e4 palveluista tai pyyd\u00e4 tarjousta:<\/p>\n\n\n\n<p>taneli.rasmus@valmiussuunnittelu.fi<\/p>\n\n\n\n<p>tai<\/p>\n\n\n\n<p>0400 333646<\/p>\n","protected":false},"excerpt":{"rendered":"<p>Palvelu hinnoitellaan ensisijaisesti k\u00e4ytetyn ty\u00f6ajan mukaan. Koulutuksissa ja asiakkaan luona tapahtuvassa konsultoinnissa perusyksikk\u00f6n\u00e4 on konsultointip\u00e4iv\u00e4, joka sis\u00e4lt\u00e4\u00e4 p\u00e4iv\u00e4n valmistelun. Suunnittelutoiminta ja yksitt\u00e4iset toimeksiannot tehd\u00e4\u00e4n p\u00e4\u00e4osin tuntiveloituksella toteutuneen ty\u00f6m\u00e4\u00e4r\u00e4n perusteella. Suunnittelusta voi pyyt\u00e4\u00e4 my\u00f6s kokonaistarjousta, jolloin tarjouksen sis\u00e4lt\u00f6 tuotetaan kiinte\u00e4ll\u00e4 hinnalla. Konsultointi- ja koulutuspalvelun p\u00e4iv\u00e4hinta on 950 \u20ac + alv. Suunnittelun ja konsultoinnin tuntiveloitus on 85 &hellip; <a href=\"https:\/\/www.valmiussuunnittelu.fi\/?page_id=48\" class=\"more-link\">Jatka artikkeliin <span class=\"screen-reader-text\">Ota yhteytt\u00e4<\/span><\/a><\/p>\n","protected":false},"author":2,"featured_media":0,"parent":0,"menu_order":0,"comment_status":"closed","ping_status":"closed","template":"","meta":[],"_links":{"self":[{"href":"https:\/\/www.valmiussuunnittelu.fi\/index.php?rest_route=\/wp\/v2\/pages\/48"}],"collection":[{"href":"https:\/\/www.valmiussuunnittelu.fi\/index.php?rest_route=\/wp\/v2\/pages"}],"about":[{"href":"https:\/\/www.valmiussuunnittelu.fi\/index.php?rest_route=\/wp\/v2\/types\/page"}],"author":[{"embeddable":true,"href":"https:\/\/www.valmiussuunnittelu.fi\/index.php?rest_route=\/wp\/v2\/users\/2"}],"replies":[{"embeddable":true,"href":"https:\/\/www.valmiussuunnittelu.fi\/index.php?rest_route=%2Fwp%2Fv2%2Fcomments&post=48"}],"version-history":[{"count":1,"href":"https:\/\/www.valmiussuunnittelu.fi\/index.php?rest_route=\/wp\/v2\/pages\/48\/revisions"}],"predecessor-version":[{"id":50,"href":"https:\/\/www.valmiussuunnittelu.fi\/index.php?rest_route=\/wp\/v2\/pages\/48\/revisions\/50"}],"wp:attachment":[{"href":"https:\/\/www.valmiussuunnittelu.fi\/index.php?rest_route=%2Fwp%2Fv2%2Fmedia&parent=48"}],"curies":[{"name":"wp","href":"https:\/\/api.w.org\/{rel}","templated":true}]}}