{"id":43,"date":"2020-04-29T12:37:58","date_gmt":"2020-04-29T09:37:58","guid":{"rendered":"https:\/\/www.valmiussuunnittelu.fi\/?page_id=43"},"modified":"2020-04-29T12:37:58","modified_gmt":"2020-04-29T09:37:58","slug":"koulutukset-ja-harjoitukset","status":"publish","type":"page","link":"https:\/\/www.valmiussuunnittelu.fi\/?page_id=43","title":{"rendered":"Koulutukset ja harjoitukset"},"content":{"rendered":"\n<p>Varautumisen ja kriisijohtamisen j\u00e4rjestelyt perustuvat normaaliin organisaatioon ja sen toimintatapoihin. Ne sis\u00e4lt\u00e4v\u00e4t kuitenkin osia, joita on tarkoitus k\u00e4ytt\u00e4\u00e4 ainoastaan kriisitilanteessa. Jotta j\u00e4rjestelyt saadaan hiottua entist\u00e4 paremmiksi ja henkil\u00f6st\u00f6ll\u00e4 sek\u00e4 sidosryhmill\u00e4 on valmius toimia n\u00e4iden mukaan, tarvitaan koulutusta ja harjoittelua.<\/p>\n\n\n\n<p>Harjoittelu voi tapahtua laajempien valmisuharjoitusten yhteydess\u00e4. Organisaatiolle koulutetaan t\u00e4ll\u00f6in suunniteltujen ratkaisujen sis\u00e4lt\u00f6 ja perustoimintatavat ennen varsinaista harjoitusta. T\u00e4ll\u00f6in valmiusharjoituksesta saadaan enemm\u00e4n irti sek\u00e4 osallitujien osaamisen paranemisen ett\u00e4 organisaation oppimisen n\u00e4k\u00f6kulmasta. Harjoituksien j\u00e4lkeen ker\u00e4tt\u00e4v\u00e4 palaute on arvokasta tietoa, jota voidaan hy\u00f6dynt\u00e4\u00e4 varautumisen ja kriisijohtamisen kehitt\u00e4miseksi edelleen.<\/p>\n\n\n\n<p>J\u00e4rjest\u00e4mme kunnille n\u00e4iden henkil\u00f6st\u00f6n koulutuksia, karttaharjoituksia ja laajempia sovellettuja harjoituksia. Harjoitus voi koskea koko organisaatiota tai rajoittua johtoryhm\u00e4\u00e4n tai johonkin toimintoon esim. tilannekuvan yll\u00e4pitoon tai kriisiviestint\u00e4\u00e4n. <\/p>\n\n\n\n<p><\/p>\n","protected":false},"excerpt":{"rendered":"<p>Varautumisen ja kriisijohtamisen j\u00e4rjestelyt perustuvat normaaliin organisaatioon ja sen toimintatapoihin. Ne sis\u00e4lt\u00e4v\u00e4t kuitenkin osia, joita on tarkoitus k\u00e4ytt\u00e4\u00e4 ainoastaan kriisitilanteessa. Jotta j\u00e4rjestelyt saadaan hiottua entist\u00e4 paremmiksi ja henkil\u00f6st\u00f6ll\u00e4 sek\u00e4 sidosryhmill\u00e4 on valmius toimia n\u00e4iden mukaan, tarvitaan koulutusta ja harjoittelua. Harjoittelu voi tapahtua laajempien valmisuharjoitusten yhteydess\u00e4. Organisaatiolle koulutetaan t\u00e4ll\u00f6in suunniteltujen ratkaisujen sis\u00e4lt\u00f6 ja perustoimintatavat ennen varsinaista &hellip; <a href=\"https:\/\/www.valmiussuunnittelu.fi\/?page_id=43\" class=\"more-link\">Jatka artikkeliin <span class=\"screen-reader-text\">Koulutukset ja harjoitukset<\/span><\/a><\/p>\n","protected":false},"author":2,"featured_media":0,"parent":0,"menu_order":0,"comment_status":"closed","ping_status":"closed","template":"","meta":[],"_links":{"self":[{"href":"https:\/\/www.valmiussuunnittelu.fi\/index.php?rest_route=\/wp\/v2\/pages\/43"}],"collection":[{"href":"https:\/\/www.valmiussuunnittelu.fi\/index.php?rest_route=\/wp\/v2\/pages"}],"about":[{"href":"https:\/\/www.valmiussuunnittelu.fi\/index.php?rest_route=\/wp\/v2\/types\/page"}],"author":[{"embeddable":true,"href":"https:\/\/www.valmiussuunnittelu.fi\/index.php?rest_route=\/wp\/v2\/users\/2"}],"replies":[{"embeddable":true,"href":"https:\/\/www.valmiussuunnittelu.fi\/index.php?rest_route=%2Fwp%2Fv2%2Fcomments&post=43"}],"version-history":[{"count":1,"href":"https:\/\/www.valmiussuunnittelu.fi\/index.php?rest_route=\/wp\/v2\/pages\/43\/revisions"}],"predecessor-version":[{"id":45,"href":"https:\/\/www.valmiussuunnittelu.fi\/index.php?rest_route=\/wp\/v2\/pages\/43\/revisions\/45"}],"wp:attachment":[{"href":"https:\/\/www.valmiussuunnittelu.fi\/index.php?rest_route=%2Fwp%2Fv2%2Fmedia&parent=43"}],"curies":[{"name":"wp","href":"https:\/\/api.w.org\/{rel}","templated":true}]}}