{"id":37,"date":"2020-04-29T12:10:00","date_gmt":"2020-04-29T09:10:00","guid":{"rendered":"https:\/\/www.valmiussuunnittelu.fi\/?page_id=37"},"modified":"2020-04-29T13:21:01","modified_gmt":"2020-04-29T10:21:01","slug":"varautumiskonsultti","status":"publish","type":"page","link":"https:\/\/www.valmiussuunnittelu.fi\/","title":{"rendered":"Varautumiskonsultti"},"content":{"rendered":"\n<p>Varautumisvastuuta ei voi ulkoistaa, mutta kaikkea ei aina kannata tehd\u00e4 itse. Kiireinen arki ei aina mahdollista riitt\u00e4v\u00e4\u00e4 perehtymist\u00e4 t\u00e4rkeisiink\u00e4\u00e4n aiheisiin ja suunnitteluun keskittyminen voi olla haastavaa. Varautumisen ja kunnallishallinnon tuntevan konsultin k\u00e4ytt\u00f6 on joustava tapa hankkia valmiussuunnitteluun lis\u00e4osaamista ja -resurssia. <\/p>\n\n\n\n<p>Varautumiskonsulttina toimiva Taneli Rasmus on toiminut ennen yritt\u00e4j\u00e4ksi ryhtymist\u00e4 useissa varautumisen ja kokonaisturvallisuuden teht\u00e4viss\u00e4 sek\u00e4 kunnassa johtoryhm\u00e4tasolla. Koulutuksena h\u00e4nell\u00e4 on turvallisuustekniikan diplomi-insin\u00f6\u00f6rin, palop\u00e4\u00e4llyst\u00f6n sek\u00e4 ammatillisen opettajan tutkinnot. Varautumiseen Rasmus on perehtynyt ty\u00f6ss\u00e4\u00e4n ja aihetta k\u00e4sittelevill\u00e4 kursseilla &#8211; mm. valtakunnallisella maanpuolustuskurssilla.<\/p>\n\n\n\n<p>Rasmus on ty\u00f6skennellyt mm. palo- ja VSS-p\u00e4\u00e4llikk\u00f6n\u00e4, l\u00e4\u00e4ninvalmiusjohtajana sek\u00e4 johtajana aluehallintovirastossa. Ty\u00f6ss\u00e4\u00e4n h\u00e4n on ollut j\u00e4rjest\u00e4m\u00e4ss\u00e4 alueellisia maanpuolustuskursseja ja valmiusharjoituksia. Ty\u00f6ss\u00e4\u00e4n h\u00e4n on toiminut mm. ydinvoimalan ulkoisen tiedotuksen ryhm\u00e4ss\u00e4, meripelastuskeskuksen johtoryhm\u00e4ss\u00e4, l\u00e4\u00e4ninjohtokeskuksesta vastaavana, alueellisissa ja l\u00e4\u00e4nin valmiustoimikunnissa sek\u00e4 huoltovarmuustoiminnassa pooleissa. <\/p>\n\n\n\n<p>Kunnallishallintoon Rasmus on perehtynyt toimiessaan kunnan teknisen\u00e4 johtajana ja palop\u00e4\u00e4llikk\u00f6n\u00e4. N\u00e4iss\u00e4 teht\u00e4viss\u00e4 h\u00e4n on toiminut esittelij\u00e4n\u00e4, johtoryhm\u00e4n j\u00e4senen\u00e4 ja tehnyt lukuisia kilpailutuksia, hankintasopimuksia sek\u00e4 ollut mukana ulkoistusten valmistelussa. H\u00e4nell\u00e4 on kokemusta sek\u00e4 omana ty\u00f6n\u00e4 tehdyn palvelutuotannon, ett\u00e4 ostopalveluina hankitun palvelun johtamisesta. Vastuulla on ollut mm. hankinnat, ruokahuolto, siivous, j\u00e4tehuolto, kiinteist\u00f6t, v\u00e4yl\u00e4t, valvontatoimi sek\u00e4 vesi- ja viem\u00e4rilaitos. <\/p>\n\n\n\n<p>Taustan ansiosta konsultointi tehd\u00e4\u00e4n vankalla varautumisen ja kuntamaailman tuntemukselle.  T\u00e4m\u00e4 mahdollistaa toimivan ja vaikuttavan varautumisen sek\u00e4 tehokkaan kriisijohtamisen suunnittelun kuntiin. <\/p>\n\n\n\n<figure class=\"wp-block-image size-large\"><img loading=\"lazy\" width=\"801\" height=\"1024\" src=\"https:\/\/www.valmiussuunnittelu.fi\/wp-content\/uploads\/2020\/04\/esittelykuva-801x1024.jpg\" alt=\"\" class=\"wp-image-41\" srcset=\"https:\/\/www.valmiussuunnittelu.fi\/wp-content\/uploads\/2020\/04\/esittelykuva-801x1024.jpg 801w, https:\/\/www.valmiussuunnittelu.fi\/wp-content\/uploads\/2020\/04\/esittelykuva-235x300.jpg 235w, https:\/\/www.valmiussuunnittelu.fi\/wp-content\/uploads\/2020\/04\/esittelykuva-768x982.jpg 768w, https:\/\/www.valmiussuunnittelu.fi\/wp-content\/uploads\/2020\/04\/esittelykuva-1201x1536.jpg 1201w, https:\/\/www.valmiussuunnittelu.fi\/wp-content\/uploads\/2020\/04\/esittelykuva-1601x2048.jpg 1601w, https:\/\/www.valmiussuunnittelu.fi\/wp-content\/uploads\/2020\/04\/esittelykuva-scaled.jpg 2002w\" sizes=\"(max-width: 801px) 100vw, 801px\" \/><\/figure>\n","protected":false},"excerpt":{"rendered":"<p>Varautumisvastuuta ei voi ulkoistaa, mutta kaikkea ei aina kannata tehd\u00e4 itse. Kiireinen arki ei aina mahdollista riitt\u00e4v\u00e4\u00e4 perehtymist\u00e4 t\u00e4rkeisiink\u00e4\u00e4n aiheisiin ja suunnitteluun keskittyminen voi olla haastavaa. Varautumisen ja kunnallishallinnon tuntevan konsultin k\u00e4ytt\u00f6 on joustava tapa hankkia valmiussuunnitteluun lis\u00e4osaamista ja -resurssia. Varautumiskonsulttina toimiva Taneli Rasmus on toiminut ennen yritt\u00e4j\u00e4ksi ryhtymist\u00e4 useissa varautumisen ja kokonaisturvallisuuden teht\u00e4viss\u00e4 sek\u00e4 &hellip; <a href=\"https:\/\/www.valmiussuunnittelu.fi\/\" class=\"more-link\">Jatka artikkeliin <span class=\"screen-reader-text\">Varautumiskonsultti<\/span><\/a><\/p>\n","protected":false},"author":2,"featured_media":0,"parent":0,"menu_order":0,"comment_status":"closed","ping_status":"closed","template":"","meta":[],"_links":{"self":[{"href":"https:\/\/www.valmiussuunnittelu.fi\/index.php?rest_route=\/wp\/v2\/pages\/37"}],"collection":[{"href":"https:\/\/www.valmiussuunnittelu.fi\/index.php?rest_route=\/wp\/v2\/pages"}],"about":[{"href":"https:\/\/www.valmiussuunnittelu.fi\/index.php?rest_route=\/wp\/v2\/types\/page"}],"author":[{"embeddable":true,"href":"https:\/\/www.valmiussuunnittelu.fi\/index.php?rest_route=\/wp\/v2\/users\/2"}],"replies":[{"embeddable":true,"href":"https:\/\/www.valmiussuunnittelu.fi\/index.php?rest_route=%2Fwp%2Fv2%2Fcomments&post=37"}],"version-history":[{"count":5,"href":"https:\/\/www.valmiussuunnittelu.fi\/index.php?rest_route=\/wp\/v2\/pages\/37\/revisions"}],"predecessor-version":[{"id":52,"href":"https:\/\/www.valmiussuunnittelu.fi\/index.php?rest_route=\/wp\/v2\/pages\/37\/revisions\/52"}],"wp:attachment":[{"href":"https:\/\/www.valmiussuunnittelu.fi\/index.php?rest_route=%2Fwp%2Fv2%2Fmedia&parent=37"}],"curies":[{"name":"wp","href":"https:\/\/api.w.org\/{rel}","templated":true}]}}